x(m) = 3*m**3 + 2*m**2 - 13. Suppose 2*s + 7 = -3*f, -6 = s - 4*f + 6*f. Is x(s) a composite number?
False
Let u(w) = -27236*w**3 + 4*w**2 - 12*w - 13. Is u(-1) a prime number?
True
Let g(u) = 87*u**3 - 7*u**2 + 19*u - 42. Is g(5) composite?
False
Let w(s) be the first derivative of s**4/4 - 7*s**3/3 + 9*s**2/2 - 28*s - 21. Is w(13) a prime number?
True
Suppose 0 = 4*n - 2*i - 6, -n - 2*i + 0 = -4. Let l be (68/(-8))/((-1)/6). Suppose 3*m - n*m = l. Is m a composite number?
True
Let r be 2/(-9) - (-606)/54. Suppose -r*s = -3764 + 123. Is s a composite number?
False
Let k(r) = -27*r**2 - 2*r - 17. Let v be k(-3). Is v*((-23)/6 + 4)*-6 a composite number?
True
Let m = -1 + 20. Suppose -5*c + 11 = 3*u, 3*c + u + 5 = 10. Is c + -1 + 2 + m a prime number?
False
Let w(f) = -9*f + 25. Let t = -23 + 95. Suppose -2*o = 2*o + t. Is w(o) composite?
True
Let p(w) = -w**3 - w**2 - w + 44. Let d be p(0). Let a = 24 - d. Is (14/(-4))/(2/a) composite?
True
Let t = 54 - 16. Is (-6289)/t*(-1 + -3) a prime number?
False
Let m(u) = 55*u**3 - 4*u**2 + 1. Let b be m(3). Let q = b - 61. Is q prime?
False
Let c = 46 - 40. Is 3102/12 + c/(-4) prime?
True
Let f = 34 + -31. Let b(c) be the second derivative of 6*c**5/5 - c**4/6 + c**3/3 - c**2/2 - 2*c. Is b(f) a composite number?
True
Let z be (-7)/((-35)/(-25658)) + (-8)/20. Let q = -2089 - z. Is q prime?
False
Suppose 4*p - 4*r - 4985 = 223143, -228133 = -4*p + 3*r. Is p a composite number?
False
Let o(p) = -66*p**3 + 2*p**2 + 3*p + 2. Let r be o(-2). Let w = -532 - -897. Let h = r - w. Is h prime?
True
Suppose -56 = -3*i - 11*i. Let j = 3 + -3. Suppose j = 4*a + x - 1483, a + i*x - 370 = 3*x. Is a a prime number?
False
Suppose 18 = 2*p + 10, -4*p = -2*j + 4192. Let z = j - 1217. Is z a prime number?
True
Let r(t) = 246*t**2 - 3*t - 19. Is r(-10) a prime number?
True
Suppose 41*m - 34*m = 77189. Is m prime?
True
Let n = 161061 - 85627. Is n a prime number?
False
Suppose -41*p + 2437490 - 328696 = 0. Is p composite?
True
Let x = 1698 - 946. Suppose -o = -725 - x. Is o a composite number?
True
Let y be 3 + 55/(-25) - (-24)/20. Suppose 0*k + 2036 = 4*k. Suppose -x - 127 + k = y*l, 0 = -2*x. Is l prime?
True
Suppose 3*k - 4*k + 693 = 4*m, -3369 = -5*k + 4*m. Let p be ((-104)/(-16))/((-2)/(-332)). Suppose -2*y = -k - p. Is y composite?
True
Is (-8)/52*1 + 452345/65 a prime number?
True
Let b = -9 - -14. Suppose b*t + 2 = 17. Suppose x = -t + 54. Is x a composite number?
True
Suppose 265121 = -21*q + 1199264. Is q a composite number?
False
Suppose 5*l - 25 - 153 = -3*i, 4*i - 2*l - 194 = 0. Is (-7 - -2)/((-54)/i - -1) a prime number?
False
Is (-1434)/4*60/(-18) prime?
False
Let z = 222 + -11. Let q = 420 - z. Suppose 0 = -3*t - q + 851. Is t prime?
False
Let j = -3671 + 5702. Let k = j + 302. Is k prime?
True
Suppose 3*j = -5*c + 13 - 3, -2*c + 4 = 3*j. Suppose 2*a - 352 = 2*n, 0 = a + 3*n - j*n - 196. Is a composite?
False
Let d(g) = -3*g + 14. Let l be d(4). Suppose -5*q - l*a = -1665, 2*q + 4*a - 296 = 386. Is q a composite number?
False
Let d(o) = o + 22. Let p be d(0). Let i = 22 - p. Suppose i = -0*g - 2*g + 266. Is g composite?
True
Suppose -n = 4*f - 541, -3*f - 1082 = -0*n - 2*n. Is n prime?
True
Suppose 0 = -78*k + 72*k + 12894. Is k a composite number?
True
Suppose 5*v + 0*v = -f + 42726, 4*f = -2*v + 17094. Is v prime?
False
Suppose 6 + 6 = v + 3*g, -4*g = -12. Suppose -5*i = -u - 1939, v*u = i - 3*i + 779. Suppose -5*t - x + 485 = 0, 4*t + x - i = 2*x. Is t prime?
True
Let i(h) = -2*h**2 + 9*h + 5. Let c be i(5). Let n be -4 + 9 + (c - 0). Suppose -p - 812 = -n*p. Is p a prime number?
False
Let m(q) = -274*q + 27. Suppose -5*o + 3*o = -3*c + 16, 3*c - 32 = 4*o. Is m(o) a prime number?
False
Let b(i) = 2*i + 2. Let d be b(5). Let u(j) be the first derivative of -j**4/4 + 4*j**3 + 3*j**2 + 7*j - 3. Is u(d) a composite number?
False
Let y = -42 + 96. Let a be y/4*(-6 - -12). Let p = -44 + a. Is p prime?
True
Let m(r) = 5*r. Let i be m(3). Suppose 0 = 5*t + i, t - 12 = -6*f + f. Is (-702)/(-3) + f*1 a prime number?
False
Let t(k) = -147*k. Let m be t(1). Let o = m - -274. Suppose -3*h + o = -2*h. Is h a composite number?
False
Is (-3 + 23442/12)*(-6)/(-3) composite?
True
Suppose -53501 = 68*o - 75*o. Is o a prime number?
True
Suppose -5*l = -4*m - 1478, 2*m - m = l - 295. Suppose 0 = 2*i - 5*h - l, -2*h + 447 = 2*i + i. Is i a composite number?
False
Let x(w) = -39*w - 2. Let f = -23 + 22. Let s be x(f). Suppose s = -3*t + 4*t. Is t composite?
False
Let f = -598 - -27. Let m = 980 + f. Suppose -4*s + m = 125. Is s a composite number?
False
Let y = 11 - 5. Let u be y/((-3)/6*-4). Suppose 0 = p + 5, 165 = u*i - p - 701. Is i composite?
True
Let u = 11 + -7. Suppose 0 = -3*q + 4*q + u. Is 89 - 0 - 0/q prime?
True
Suppose -3*g - 5*q + 4 = -g, 0 = -3*g + q + 40. Let r be (1 + 0)/(g/60). Let a(o) = 2*o**3 - 4*o**2 + 4*o + 7. Is a(r) a composite number?
True
Suppose 3*k + 3*a = -551 - 1573, 0 = -2*k - 4*a - 1420. Let x = k - -1755. Is x a prime number?
True
Suppose -4*j = -2*j - 28. Suppose y - j = -5*s + 1, -4*s + 3*y + 31 = 0. Suppose -79 = -5*x + s*x. Is x composite?
False
Let g = -28 - -33. Suppose -4*i + g*i = 4*n + 129, -4*i - 4*n = -616. Is i composite?
False
Suppose -17*y + 270 = -6530. Suppose -f + 2*u - 1189 = -4*f, 3*u = f - y. Is f a composite number?
False
Is 20777/6 + ((-34)/12)/(-17) a prime number?
True
Let s(i) be the third derivative of -47*i**6/10 - i**5/60 - i**4/6 - i**3/3 - 12*i**2. Is s(-1) a prime number?
False
Suppose -3*d = 2*g - 5*g, 0 = -4*g - 4*d. Let x be -5*(-1 - g) - 2. Suppose 88 + 89 = x*v. Is v composite?
False
Let s = -27 + 30. Suppose 0 = -0*m + s*m - 1113. Is m composite?
True
Suppose -3*q - 5*c = -28022, 0*c + 28042 = 3*q + c. Is q a composite number?
False
Suppose -2*m = -4*f + 19046 + 32538, 5*f + 5*m = 64465. Is f composite?
True
Suppose -133*v + 129*v + 20 = 0, 10750 = 5*s + v. Is s a prime number?
False
Suppose -4*s - 15 = s. Let n be 57*s/9*1. Let f = n - -38. Is f a prime number?
True
Suppose 0 = -4*s + 3 + 13. Suppose -3*i - 58 = -s*i. Suppose 0 = -2*d - 4*v + i, -5*d + 169 = v + 42. Is d composite?
True
Suppose 2*u = -i + 1801, 5*i = -4*u - 1146 + 4757. Let d = 2400 - u. Is d composite?
True
Let g = -505 - -1174. Is (13 - 15) + g*1 a composite number?
True
Let z be 2*(4/4 + 1/(-2)). Is z/(-2) - 14985/(-30) a composite number?
False
Suppose 2 = o - 0*o, 5*o + 58 = -4*a. Let k = -20 - a. Is (-760)/k + 2/(-6) a prime number?
False
Suppose -1174 = -4*t - 5542. Let g = -761 - t. Is g a composite number?
False
Suppose -505 = -10*i + 3*c, 0 = 5*i + c - 271 + 6. Let k(o) = 41*o**2 + 3*o + 1. Let x be k(-3). Let l = i + x. Is l a composite number?
True
Let t = 18 + -24. Let z be (3 - 48)*16/t. Suppose 3*d - 39 - z = 0. Is d composite?
False
Let d = 4059 + -505. Is d a composite number?
True
Let o = -12 + 19. Let s be (-8)/(-28) + 145/o. Let u = s - -136. Is u prime?
True
Is 5/((-105)/37373)*-3 composite?
True
Let q(i) be the first derivative of -i**3/3 - 7*i**2/2 - 4*i + 4. Let h be q(-6). Suppose -h*k - 186 = -2*o, -o - 5*k + 425 = 4*o. Is o a composite number?
False
Is 48796 + (-35)/(-13 + 6) prime?
False
Let t = 1575 - -25442. Is t prime?
True
Let p(s) = 2*s - 9*s + s**3 - 7 - 6*s + 2*s + 20*s**2. Is p(-12) prime?
True
Let k(n) = 8*n**3 + 6*n**2 - 13*n - 6. Let u(q) = -9*q**3 - 7*q**2 + 14*q + 5. Let x(l) = 6*k(l) + 5*u(l). Is x(7) prime?
False
Let x be 15/(1*3/21). Let g = 686 - x. Let a = g + -168. Is a prime?
False
Let v = -15 + 22. Let f(s) = -8*s**3 - 21*s**2 + 10*s + 1. Let w(m) = 3*m**3 + 7*m**2 - 3*m. Let r(o) = 4*f(o) + 11*w(o). Is r(v) prime?
True
Let m(n) = 917*n**2 - 2. Is m(3) composite?
True
Let v(y) be the second derivative of y**5/60 - y**4/12 + 7*y**3/3 + y**2/2 + 9*y. Let a(o) be the first derivative of v(o). Is a(12) a prime number?
False
Let l(d) = -3*d**3 - 27*d**2 - 68*d - 93. Is l(-22) a prime number?
False
Suppose -4*s + 66655 = 5*x, 4*x + 17*s - 53283 = 22*s. Is x prime?
True
Let g(k) = 2*k + 9. Let r be g(2). Suppose 6137 = r*s + 1548. Is s prime?
True
Let i(g) = 2441*g**2 - 8. Is i(-3) prime?
True
Suppose -9*l = -23 - 4. Suppose -5*i = -3*u - 7067 - 1085, 3259 = 2*i - l*u. Is i a composite number?
True
Let m(o) = 99*o + 49. Let t = 137 + -121. Is m(